86*y**2 - 396*y**2. Calculate a(-13).
10
Let j(t) = t**2 + 10*t - 2. Suppose -26*z + 17 = -113. Suppose -z*v - 57 = -12. Calculate j(v).
-11
Let z(p) = -p**2 + 6*p + 210. Suppose 4*v = 5*v - 0*v - 18. Calculate z(v).
-6
Let v(h) = 453*h - 9066. Let j be v(20). Let w(b) = -2*b**3 + 5*b**2 - 3*b - 2*b**3 + 3 + 0*b**3 + 5*b**3. Give w(j).
-15
Let o = 16302 + -16303. Let d(j) be the second derivative of -j**3 - 2*j**2 - 2*j. Give d(o).
2
Let b(c) be the third derivative of c**4/8 - c**3/2 - 124*c**2 - 2. Suppose -s + 27 = 5*r, -5*s + 16 = r + 1. Determine b(s).
3
Let r = -38 - -40. Suppose 89 = -r*t + 83. Let z(u) = -u**3 - u**2 - 2*u + 1. What is z(t)?
25
Let d(a) = a**2. Let o(s) = s**2 - s. Let w be ((-2)/(-4))/((-56)/112). Let m(n) = w*o(n) - 3*d(n). What is m(2)?
-14
Let w(s) = s**2 + 6*s + 5. Suppose 16*o = 6*o + 2360. Let v = o + -242. What is w(v)?
5
Let w(i) be the third derivative of i**5/60 - i**4/8 - i**3/2 - 23*i**2 + 2. Give w(2).
-5
Suppose -15*i - 45 - 7 = 23. Let f(a) = -a**2 - 4*a + 8. Determine f(i).
3
Let c(d) = d**2 + 5*d - 13. Let m be c(6). Let k = m + -41. Suppose 14*p = k*p - 4. Let v(h) = h**3 - 4*h**2 - 2*h + 1. Calculate v(p).
-19
Let q(x) = -5*x**2 + 4*x**2 - x**2 + 0 + x**2 - 3*x - 2. Let f = -17 + 10. What is q(f)?
-30
Let q(m) = -20*m - 82. Let r be (-1)/((-10)/25)*152/(-95). Determine q(r).
-2
Let z(r) = r**2 - 16*r - 59. Suppose -2*d + 3*g + 17 = 0, -d - 73 = -3*d - 5*g. Determine z(d).
-2
Let c(v) be the second derivative of -v**3/6 + 23*v**2/2 - 25*v - 17. Give c(17).
6
Let g(d) = 8 - 2*d**2 - 1 - 5 - 1. Suppose -4*w + 15 + 7 = -2*c, 3*w - 13 = -2*c. Suppose 5*u - 10 = -5*q, -3 = -w*u + 2. Give g(q).
-1
Let o = 1771 + -1774. Let i(q) = -74*q - 4 + 137*q - 72*q + 2. What is i(o)?
25
Let i(b) be the first derivative of 4*b**2 - 72*b + 11165. Determine i(19).
80
Let g(r) be the first derivative of -r**4/4 - r**3/6 - 3*r**2/2 - 24*r + 49. Let i(q) be the second derivative of g(q). Calculate i(-2).
11
Let o(u) be the second derivative of u**5/20 - 2*u**4/3 + 2*u**3 + 21*u**2/2 + 4835*u. Calculate o(5).
6
Let v(s) = 147*s - 16. Let c(l) = 331*l - 32. Let w(m) = -4*c(m) + 9*v(m). Calculate w(4).
-20
Let w(f) = f**3 - 17*f**2 + 17*f - 10. Let m(c) = 12*c - 119. Let y be m(9). Let o be (-30)/45*y/(22/48). Give w(o).
6
Let y(f) = 7*f**2 + 2*f + 2. Let x be y(-1). Let o(k) = 0 + 14 + x - 7*k + 6 - 5. Determine o(5).
-13
Let j(k) = -2*k + 12. Let q = -717 - -993. Suppose q = 21*u - 39. Determine j(u).
-18
Let n = -24904 - -24895. Let m(o) = 2*o + 38. What is m(n)?
20
Let n(m) be the second derivative of m**4/12 + 4*m**3/3 + 11*m**2/2 + 195*m - 2. Calculate n(-2).
-1
Let d(i) = -16292*i**3 + 8146*i**3 - 1 + 8147*i**3. Let q = 1 - 1. Calculate d(q).
-1
Suppose -47*v = -39*v - 56. Suppose -g + v = -m, 5*g - 26*m + 31*m - 45 = 0. Let r(x) = x - 7. Give r(g).
1
Let a(b) = 118*b**2 - 470*b. Let u be a(4). Let c(i) = 8*i - 34. Determine c(u).
30
Let x = -19 + 26. Let r be 1*16*((-21)/(-6))/x. Let q(a) = 7 + r*a - 27*a + 8*a + a**2 + 16*a. What is q(-6)?
13
Let i(u) be the third derivative of 19/24*u**4 + 14*u**2 - 11/3*u**3 + 1/60*u**5 - u + 0. What is i(-20)?
-2
Suppose -2*t + 8 = -4*d, -t = 5*d - 0*d - 11. Suppose 0 = -t*v + v + 15. Let p(x) = -6*x**2 - 6 + x**v - 1 + 4*x + 2*x. What is p(5)?
-2
Let h be -6 + 0 + 16 + 426. Let i(a) = 2 - h*a - 1 + 447*a. Let o be (-2)/(-1 - 1) - 2. What is i(o)?
-10
Let a(r) = -r**3 + 4*r**2 + 20*r - 69. Let n = -5760 - -5765. Calculate a(n).
6
Suppose -13 - 122 = -5*s + 2*p, 2*s - 4*p = 38. Suppose -2*c + s = 7. Let k(f) = f**2 - 61*f + 1. Let g(o) = 10*o - 1. Let y(i) = 5*g(i) + k(i). Calculate y(c).
-4
Let b(q) = 4*q + 18. Let k = 11863 - 11855. Give b(k).
50
Let s(b) = b**2 - 6*b - 3. Let n be 96/12 - (2 + 2). Suppose -2*a = -x + 15, n*x = 2*x + a + 18. Calculate s(x).
4
Suppose -4*z + 17 = y, 4*z - 23 + 7 = 0. Let w(j) = -39*j + 2. Calculate w(y).
-37
Let p(t) = -t**3 + t**3 - 4*t**3 - 5 - t + 9*t**2 + 5*t**3. Let z be (-2)/11 + 194*2/(-44). Calculate p(z).
4
Let s(k) = 2*k**2 + 8*k + 1. Let j = 24 + -316. Let v = j - -286. Give s(v).
25
Let t(z) be the third derivative of -z + 51*z**2 + 1/3*z**4 + 1/2*z**3 + 0. Give t(3).
27
Let y(r) be the first derivative of -r**4/4 - 5*r**3 - 11*r**2 + 25*r + 2267. What is y(-13)?
-27
Let l = 94 - 87. Suppose 0 = 5*f - 3*o - 34, -6*f - 2*o = -l*f + 4. Let t be ((-20)/f - -2)*-2. Let a(v) = -7*v - 1. What is a(t)?
-8
Let c = -26063/12 + 2172. Let u(d) be the second derivative of 2*d**2 + 0 - d - 5/6*d**3 + c*d**4. Give u(6).
10
Let t(b) be the third derivative of b**4/24 - 11*b**3/3 + 29*b**2 - 1. What is t(14)?
-8
Let u(b) = b**3 + 2*b**2 + b. Suppose -2*f + 4*p = -3*f - 56, -p + 175 = -5*f. Let w = f + 32. Calculate u(w).
-36
Suppose -224*n - 10 = -229*n. Let f(o) = -o - 8 + 5*o + n*o + 110*o**2 - 108*o**2 - 10*o. Determine f(6).
40
Suppose -a = 10*p - 25, -47*a + 50*a = 15. Let r(t) = -3*t + 2 - 3*t + 1. What is r(p)?
-9
Let y(w) be the first derivative of -w**5/60 - 2*w**4/3 - 17*w**3/3 + 33*w**2/2 + w - 101. Let v(d) be the second derivative of y(d). What is v(-14)?
-6
Let d(f) = 5*f + 4. Let j(h) = -9*h**3 + 2*h**2 + 3*h + 2. Let l be j(-1). Suppose -4*c + 8 = 4*s, -s + l*c - 18 = 6*c. Give d(s).
-6
Let x be (-6 - -5)/1 - -8. Let q(d) = 4*d - 17. Let h(w) = -2*w + 11. Let o(c) = x*h(c) + 4*q(c). What is o(-11)?
-13
Let p(m) be the first derivative of -m**2/2 - 10*m + 497. Let w(r) = r**3 + r**2 - r - 3. Let f be w(0). Determine p(f).
-7
Let v(q) = q**3 + 4*q**2 + 3*q + 2. Let b be v(-4). Let f be -1 - (b + (-2 - 1)). Let c(a) = -20*a + 8 + 2*a**2 - 3*a**2 + f*a + 2*a**2. Calculate c(6).
-4
Let t(x) = x**2 + 7*x - 1. Suppose 6*d - 3*d = -45. Suppose 4*i = 20, -5*b + 0*i - i + 55 = 0. Let k = d + b. Give t(k).
-11
Let q(b) = 118*b - 1. Let l(f) = 351*f - 85. Let d(h) = l(h) - 3*q(h). Give d(-15).
-37
Let i(d) = 25 + 5877*d + 5872*d - 11766*d - 3*d**2 + 4*d**2. What is i(20)?
85
Let b be 2 - -6 - (0 + -1). Let f be (6/9 - 0)*b. Let g(d) = d**3 - 9*d**2 + 7*d + 1. Let i(p) = -2*p**2 - p - 1. Let y(s) = g(s) - i(s). Give y(f).
14
Let c be (-50)/10 - (-108)/3. Let r(w) = -27*w**2 - c*w**2 + 58*w**2 - w + 7 - w**3. Let m = -2 + 2. Calculate r(m).
7
Let b(c) = -22*c**2 + 43*c - 287. Let x(l) = 9*l**2 - 22*l + 143. Let h(p) = 2*b(p) + 5*x(p). Give h(15).
6
Let i(g) = 21*g + 18. Let o(z) = 2*z**3 + 2*z**2 - 111*z + 13. Let p be o(-8). Calculate i(p).
123
Let h(n) = 64*n - 8 - 6*n**2 - 136*n + 68*n + 15*n**3 - 14*n**3. Determine h(5).
-53
Let f(p) = 2*p**3 - 7*p**2 - 14*p - 4. Suppose 19*a - 204 = 119. Suppose a*k + 120 = 41*k. Calculate f(k).
1
Let r = -960 + 958. Let q(k) = -3*k**2 - 2*k - 1. What is q(r)?
-9
Let v(y) = -1006*y - 664*y + 1657*y - 4. Give v(5).
-69
Let c = 18 - 4. Suppose 77 = 3*b + c. Let s(r) = r**3 - 5 - 27*r - 3*r**2 + b*r - 2*r**2. What is s(6)?
-5
Let x(r) = 67*r - 34. Let q(i) = 15*i - 8. Let f(l) = -9*q(l) + 2*x(l). Let c = 23 + -25. Determine f(c).
6
Let c be (-1*2 + 0)/1. Let o(g) = -7*g**2 - 5*g + 6. Let b(i) be the first derivative of -i**3/3 - i**2/2 + i + 355. Let k(t) = -5*b(t) + o(t). What is k(c)?
-7
Let k(u) = 15*u + 13*u + 4 + 21*u - 34*u**2 - 67*u + 13*u. Calculate k(1).
-35
Let a(z) = 5*z**3 - 9*z**2 - 2*z + 2. Let s(n) = -14*n**3 + 19*n**2 + 3*n - 7. Let q(u) = -5*a(u) - 2*s(u). Calculate q(-2).
0
Let t(u) be the second derivative of 5*u**3/2 - 9*u**2 - 2*u + 52. Let c(n) = 5*n - 6. Let x(h) = 17*c(h) - 6*t(h). Determine x(7).
-29
Let o(c) = -46 - 7*c + 3 - 2*c**2 + 12*c + 11*c + 12*c. Calculate o(12).
5
Let k = 164 - 155. Suppose 0*v - k*v = -18. Let y(u) = u**3 - u**2 - 2*u + 3. Determine y(v).
3
Let z = 14 + -18. Let u be 3 + (-5 - (-1 + (z - -3))). Let a(l) = -l + u + 0 - 1. Give a(6).
-7
Let m(i) be the third derivative of 1/2*i**3 + 8*i**2 - 1/20*i**5 - 2*i + 1/120*i**6 + 0*i**4 + 0. Let t(y) = 2*y - 3. Let p be t(3). What is m(p)?
3
Let c(o) = -o**2 + 15*o - 10. Let w = -8706 - -8717. Calculate c(w).
34
Let t(y) = -3*y - 27. Let n(f) = 14*f - 8. Let p be n(1). Determine t(p).
-45
Suppose 13 = -k - 3*c, 346*k = 342*k + 2*c - 10. Let h(a) = -9*a - 18. Let r(y) = -22*y - 44. Let x(s) = 12*h(s) - 5*r(s). Give x(k).
-4
Let i(s) = -2*s + 1. Let x(k) = 2*k - 22. Let v(o) = 3*i(o) + x(o). Give v(-6).
5
Suppose -p = 